{"id":533,"date":"2017-06-30T12:02:19","date_gmt":"2017-06-30T12:02:19","guid":{"rendered":"http:\/\/www.clinicadacolunago.com.br\/site\/?page_id=533"},"modified":"2026-01-08T15:39:40","modified_gmt":"2026-01-08T15:39:40","slug":"metodo-mckenzie-tratamento-goiania","status":"publish","type":"page","link":"https:\/\/www.clinicadacolunago.com.br\/site\/metodo-mckenzie-tratamento-goiania\/","title":{"rendered":"M\u00e9todo McKenzie (MDT)"},"content":{"rendered":"<p><img loading=\"lazy\" decoding=\"async\" class=\"aligncenter wp-image-570\" src=\"http:\/\/www.clinicadacolunago.com.br\/site\/wp-content\/uploads\/2017\/06\/metodo-mckenzie-goiania.png\" alt=\"metodo-mckenzie-goiania\" width=\"600\" height=\"222\" srcset=\"https:\/\/www.clinicadacolunago.com.br\/site\/wp-content\/uploads\/2017\/06\/metodo-mckenzie-goiania.png 851w, https:\/\/www.clinicadacolunago.com.br\/site\/wp-content\/uploads\/2017\/06\/metodo-mckenzie-goiania-300x111.png 300w, https:\/\/www.clinicadacolunago.com.br\/site\/wp-content\/uploads\/2017\/06\/metodo-mckenzie-goiania-636x235.png 636w, https:\/\/www.clinicadacolunago.com.br\/site\/wp-content\/uploads\/2017\/06\/metodo-mckenzie-goiania-320x118.png 320w, https:\/\/www.clinicadacolunago.com.br\/site\/wp-content\/uploads\/2017\/06\/metodo-mckenzie-goiania-239x88.png 239w\" sizes=\"auto, (max-width: 600px) 100vw, 600px\" \/><\/p>\n<p style=\"text-align: justify;\"><a href=\"https:\/\/br.mckenzieinstitute.org\/\"><img loading=\"lazy\" decoding=\"async\" class=\"alignleft wp-image-571\" src=\"http:\/\/www.clinicadacolunago.com.br\/site\/wp-content\/uploads\/2017\/06\/metodo-mckenzie-tratamento.jpg\" alt=\"metodo-mckenzie-tratamento\" width=\"139\" height=\"139\" srcset=\"https:\/\/www.clinicadacolunago.com.br\/site\/wp-content\/uploads\/2017\/06\/metodo-mckenzie-tratamento.jpg 600w, https:\/\/www.clinicadacolunago.com.br\/site\/wp-content\/uploads\/2017\/06\/metodo-mckenzie-tratamento-150x150.jpg 150w, https:\/\/www.clinicadacolunago.com.br\/site\/wp-content\/uploads\/2017\/06\/metodo-mckenzie-tratamento-300x300.jpg 300w, https:\/\/www.clinicadacolunago.com.br\/site\/wp-content\/uploads\/2017\/06\/metodo-mckenzie-tratamento-320x320.jpg 320w, https:\/\/www.clinicadacolunago.com.br\/site\/wp-content\/uploads\/2017\/06\/metodo-mckenzie-tratamento-239x239.jpg 239w, https:\/\/www.clinicadacolunago.com.br\/site\/wp-content\/uploads\/2017\/06\/metodo-mckenzie-tratamento-55x55.jpg 55w\" sizes=\"auto, (max-width: 139px) 100vw, 139px\" \/><\/a>Tratamento para dor na coluna vertebral lombar, cervical, h\u00e9rnia de disco, demais problemas de coluna, articula\u00e7\u00f5es de extremidades (ombro, joelho, quadril, punho, tornozelo, etc.) e ATM (articula\u00e7\u00e3o temporomandibular) em Goi\u00e2nia. O M\u00e9todo McKenzie de Diagn\u00f3stico e Terapia Mec\u00e2nica (MDT) \u00e9 uma filosofia de educa\u00e7\u00e3o e participa\u00e7\u00e3o ativa do paciente que \u00e9 confi\u00e1vel e utilizado por Fisioterapeutas em todo o mundo para a coluna vertebral lombar, tor\u00e1cica e cervical ou problemas de extremidades (Ombro, Joelho, Quadril, etc.). A maioria das dores musculoesquel\u00e9ticas \u00e9 de origem &#8220;mec\u00e2nica&#8221;, ou seja, \u00e9 causada por movimentos e posturas comuns do dia-a-dia. Atrav\u00e9s da observa\u00e7\u00e3o sistem\u00e1tica de seus pacientes, o fisioterapeuta neozeland\u00eas Robin McKenzie descobriu que h\u00e1 movimentos e posturas que podem abolir a dor e restaurar a fun\u00e7\u00e3o. Seu foco \u00e9 capacitar os pacientes para o auto-tratamento. Existem 3 fases do programa de tratamento. <strong>Esta avalia\u00e7\u00e3o e tratamento s\u00e3o feitos de uma forma \u00fanica e exclusiva que utiliza perguntas espec\u00edficas e testes de movimentos repetidos, este exame cl\u00ednico \u00e9 superior a exames de imagem para detectar e tratar o problema.<\/strong><\/p>\n<h3 style=\"text-align: justify;\"><strong>1) AVALIA\u00c7\u00c3O<\/strong><\/h3>\n<p style=\"text-align: justify;\">O protocolo de avalia\u00e7\u00e3o \u00e9 exclusivo para o M\u00e9todo McKenzie. Ela come\u00e7a com a coleta de uma hist\u00f3ria completa, seguido de testes de movimentos para identificar padr\u00f5es distintos de resposta \u00e0 dor. Estas informa\u00e7\u00f5es ir\u00e3o orientar o cl\u00ednico a identificar a origem da dor subjacente.<\/p>\n<h3 style=\"text-align: justify;\"><strong>2) TRATAMENTO<\/strong><\/h3>\n<p style=\"text-align: justify;\">Usando as informa\u00e7\u00f5es da avalia\u00e7\u00e3o, o fisioterapeuta prescreve exerc\u00edcios espec\u00edficos e posturas para formar um plano de tratamento individualizado. Os pacientes t\u00eam a possibilidade de se tratarem sozinhos.<\/p>\n<h3 style=\"text-align: justify;\"><strong>3) PREVEN\u00c7\u00c3O<\/strong><\/h3>\n<p style=\"text-align: justify;\">Os exerc\u00edcios que ajudaram a resolver o problema podem ser adaptados para ajudar a prevenir o seu retorno.<\/p>\n<p style=\"text-align: justify;\">O M\u00e9todo Mckenzie tem se demonstrado ser muito eficaz e r\u00e1pido para a solu\u00e7\u00e3o dos problemas de dor na coluna, independente do que voc\u00ea apresenta no seu exame de imagem (artrose, desgaste, h\u00e9rnia de disco) ou o que o seu m\u00e9dico j\u00e1 tenha falado para voc\u00ea.<\/p>\n<p style=\"text-align: justify;\">Todo paciente com dor de coluna merece passar por nossa avalia\u00e7\u00e3o antes de qualquer coisa, por que \u00e9 mais completa e o tratamento \u00e9 simples e r\u00e1pido com poucas sess\u00f5es e menor custo e se for encontrado nos testes que a sua dor reduz, desaparece ou centraliza as chances de resolver o seu problema s\u00e3o enormes!<\/p>\n<p style=\"text-align: justify;\"><strong>E esta melhora \u00e9 observada em mais de 90% dos casos mesmo que j\u00e1 tenham lhe informado que o seu problema n\u00e3o tem solu\u00e7\u00e3o ou que \u00e9 somente cir\u00fargico, nos procure, o M\u00e9todo Mckenzie pode ser a opni\u00e3o que voc\u00ea n\u00e3o tenha recebido ainda e a solu\u00e7\u00e3o para o seu problema.<\/strong> E o tratamento pode ser para a coluna vertebral lombar, tor\u00e1cica ou cervical, dor no nervo ci\u00e1tico, dores de cabe\u00e7a, ombro, joelho, quadril, etc.<\/p>\n<p style=\"text-align: center;\">\u00a0<img loading=\"lazy\" decoding=\"async\" class=\"aligncenter wp-image-576\" src=\"http:\/\/www.clinicadacolunago.com.br\/site\/wp-content\/uploads\/2017\/06\/metodo-mckenzie-coluna.jpg\" alt=\"metodo-mckenzie-coluna\" width=\"440\" height=\"404\" srcset=\"https:\/\/www.clinicadacolunago.com.br\/site\/wp-content\/uploads\/2017\/06\/metodo-mckenzie-coluna.jpg 490w, https:\/\/www.clinicadacolunago.com.br\/site\/wp-content\/uploads\/2017\/06\/metodo-mckenzie-coluna-300x276.jpg 300w, https:\/\/www.clinicadacolunago.com.br\/site\/wp-content\/uploads\/2017\/06\/metodo-mckenzie-coluna-320x294.jpg 320w, https:\/\/www.clinicadacolunago.com.br\/site\/wp-content\/uploads\/2017\/06\/metodo-mckenzie-coluna-239x219.jpg 239w\" sizes=\"auto, (max-width: 440px) 100vw, 440px\" \/><\/p>\n<h2 style=\"text-align: center;\"><\/h2>\n<h2 style=\"text-align: center;\">Alguns testes para a Coluna e extremidades<br \/>\narticulares com o M\u00e9todo Mckenzie.<\/h2>\n<p style=\"text-align: center;\"><iframe loading=\"lazy\" src=\"https:\/\/www.youtube.com\/embed\/UYzYfYjmgcg\" width=\"560\" height=\"315\" frameborder=\"0\" allowfullscreen=\"allowfullscreen\"><\/iframe><\/p>\n<p style=\"text-align: center;\"><img loading=\"lazy\" decoding=\"async\" class=\"aligncenter wp-image-579\" src=\"http:\/\/www.clinicadacolunago.com.br\/site\/wp-content\/uploads\/2017\/06\/metodo-mckenzie-fisioterapia.png\" alt=\"metodo-mckenzie-fisioterapia\" width=\"420\" height=\"154\" srcset=\"https:\/\/www.clinicadacolunago.com.br\/site\/wp-content\/uploads\/2017\/06\/metodo-mckenzie-fisioterapia.png 599w, https:\/\/www.clinicadacolunago.com.br\/site\/wp-content\/uploads\/2017\/06\/metodo-mckenzie-fisioterapia-300x110.png 300w, https:\/\/www.clinicadacolunago.com.br\/site\/wp-content\/uploads\/2017\/06\/metodo-mckenzie-fisioterapia-320x118.png 320w, https:\/\/www.clinicadacolunago.com.br\/site\/wp-content\/uploads\/2017\/06\/metodo-mckenzie-fisioterapia-239x88.png 239w\" sizes=\"auto, (max-width: 420px) 100vw, 420px\" \/><\/p>\n<p style=\"text-align: justify;\"><em>M\u00e9todo Mckenzie em Goi\u00e2nia, MDT Goi\u00e2nia, fisioterapia para dor articular, fisioterapia em Goi\u00e2nia, m\u00e9todo mckenzie de tratamento da coluna vertebral, m\u00e9todo mckenzie para dor no ombro, joelho, quadril, fisioterapia ortop\u00e9dica, tratamento da h\u00e9rnia de disco, fisioterapia para h\u00e9rnia de disco em Goi\u00e2nia, <\/em><em>\u00a0tratamento para ombro, tratamento para joelho, tratamento para quadril, tratamento para cotovelo, tratamento para punho, tratamento para tornozelo, especialista em ombro, especialista em joelho, especialista em quadril, fisioterapeuta Goi\u00e2nia, fisioterapia Goi\u00e2nia.<\/em><\/p>\n<p>Somos <a href=\"https:\/\/www.clinicadacolunago.com.br\/site\/especialista-de-coluna-goiania\/\">Especialistas em Coluna<\/a>.<\/p>\n","protected":false},"excerpt":{"rendered":"<p>Tratamento para dor na coluna vertebral lombar, cervical, h\u00e9rnia de disco, demais problemas de coluna, articula\u00e7\u00f5es de extremidades (ombro, joelho, quadril, punho, tornozelo, etc.) e ATM (articula\u00e7\u00e3o temporomandibular) em Goi\u00e2nia. O M\u00e9todo McKenzie de Diagn\u00f3stico e Terapia Mec\u00e2nica (MDT) \u00e9 uma filosofia de educa\u00e7\u00e3o e participa\u00e7\u00e3o ativa do paciente que \u00e9 confi\u00e1vel e utilizado por [&hellip;]<\/p>\n","protected":false},"author":1,"featured_media":0,"parent":0,"menu_order":0,"comment_status":"closed","ping_status":"closed","template":"g1_template_page_sidebar_right.php","meta":{"footnotes":""},"class_list":["post-533","page","type-page","status-publish"],"yoast_head":"<!-- This site is optimized with the Yoast SEO plugin v22.7 - https:\/\/yoast.com\/wordpress\/plugins\/seo\/ -->\n<title>M\u00e9todo McKenzie (MDT) em Goi\u00e2nia<\/title>\n<meta name=\"description\" content=\"Tratamento para a coluna vertebral e extremidades articulares (ombro, joelho, quadril, etc.) com o M\u00e9todo Mckenzie. Fisioterapia Ortop\u00e9dica.\" \/>\n<meta name=\"robots\" content=\"index, follow, max-snippet:-1, max-image-preview:large, max-video-preview:-1\" \/>\n<link rel=\"canonical\" href=\"https:\/\/www.clinicadacolunago.com.br\/site\/metodo-mckenzie-tratamento-goiania\/\" \/>\n<meta property=\"og:locale\" content=\"pt_BR\" \/>\n<meta property=\"og:type\" content=\"article\" \/>\n<meta property=\"og:title\" content=\"M\u00e9todo McKenzie (MDT) em Goi\u00e2nia\" \/>\n<meta property=\"og:description\" content=\"Tratamento para a coluna vertebral e extremidades articulares (ombro, joelho, quadril, etc.) com o M\u00e9todo Mckenzie. Fisioterapia Ortop\u00e9dica.\" \/>\n<meta property=\"og:url\" content=\"https:\/\/www.clinicadacolunago.com.br\/site\/metodo-mckenzie-tratamento-goiania\/\" \/>\n<meta property=\"og:site_name\" content=\"Cl\u00ednica da Coluna de Goi\u00e2nia\" \/>\n<meta property=\"article:modified_time\" content=\"2026-01-08T15:39:40+00:00\" \/>\n<meta property=\"og:image\" content=\"http:\/\/www.clinicadacolunago.com.br\/site\/wp-content\/uploads\/2017\/06\/metodo-mckenzie-goiania.png\" \/>\n<meta name=\"twitter:card\" content=\"summary_large_image\" \/>\n<meta name=\"twitter:label1\" content=\"Est. tempo de leitura\" \/>\n\t<meta name=\"twitter:data1\" content=\"4 minutos\" \/>\n<script type=\"application\/ld+json\" class=\"yoast-schema-graph\">{\"@context\":\"https:\/\/schema.org\",\"@graph\":[{\"@type\":\"WebPage\",\"@id\":\"https:\/\/www.clinicadacolunago.com.br\/site\/metodo-mckenzie-tratamento-goiania\/\",\"url\":\"https:\/\/www.clinicadacolunago.com.br\/site\/metodo-mckenzie-tratamento-goiania\/\",\"name\":\"M\u00e9todo McKenzie (MDT) em Goi\u00e2nia\",\"isPartOf\":{\"@id\":\"https:\/\/www.clinicadacolunago.com.br\/site\/#website\"},\"primaryImageOfPage\":{\"@id\":\"https:\/\/www.clinicadacolunago.com.br\/site\/metodo-mckenzie-tratamento-goiania\/#primaryimage\"},\"image\":{\"@id\":\"https:\/\/www.clinicadacolunago.com.br\/site\/metodo-mckenzie-tratamento-goiania\/#primaryimage\"},\"thumbnailUrl\":\"http:\/\/www.clinicadacolunago.com.br\/site\/wp-content\/uploads\/2017\/06\/metodo-mckenzie-goiania.png\",\"datePublished\":\"2017-06-30T12:02:19+00:00\",\"dateModified\":\"2026-01-08T15:39:40+00:00\",\"description\":\"Tratamento para a coluna vertebral e extremidades articulares (ombro, joelho, quadril, etc.) com o M\u00e9todo Mckenzie. Fisioterapia Ortop\u00e9dica.\",\"breadcrumb\":{\"@id\":\"https:\/\/www.clinicadacolunago.com.br\/site\/metodo-mckenzie-tratamento-goiania\/#breadcrumb\"},\"inLanguage\":\"pt-BR\",\"potentialAction\":[{\"@type\":\"ReadAction\",\"target\":[\"https:\/\/www.clinicadacolunago.com.br\/site\/metodo-mckenzie-tratamento-goiania\/\"]}]},{\"@type\":\"ImageObject\",\"inLanguage\":\"pt-BR\",\"@id\":\"https:\/\/www.clinicadacolunago.com.br\/site\/metodo-mckenzie-tratamento-goiania\/#primaryimage\",\"url\":\"http:\/\/www.clinicadacolunago.com.br\/site\/wp-content\/uploads\/2017\/06\/metodo-mckenzie-goiania.png\",\"contentUrl\":\"http:\/\/www.clinicadacolunago.com.br\/site\/wp-content\/uploads\/2017\/06\/metodo-mckenzie-goiania.png\"},{\"@type\":\"BreadcrumbList\",\"@id\":\"https:\/\/www.clinicadacolunago.com.br\/site\/metodo-mckenzie-tratamento-goiania\/#breadcrumb\",\"itemListElement\":[{\"@type\":\"ListItem\",\"position\":1,\"name\":\"In\u00edcio\",\"item\":\"https:\/\/www.clinicadacolunago.com.br\/site\/\"},{\"@type\":\"ListItem\",\"position\":2,\"name\":\"M\u00e9todo McKenzie (MDT)\"}]},{\"@type\":\"WebSite\",\"@id\":\"https:\/\/www.clinicadacolunago.com.br\/site\/#website\",\"url\":\"https:\/\/www.clinicadacolunago.com.br\/site\/\",\"name\":\"Cl\u00ednica da Coluna de Goi\u00e2nia\",\"description\":\"Tratamento para coluna e h\u00e9rnia de disco em Goi\u00e2nia\",\"potentialAction\":[{\"@type\":\"SearchAction\",\"target\":{\"@type\":\"EntryPoint\",\"urlTemplate\":\"https:\/\/www.clinicadacolunago.com.br\/site\/?s={search_term_string}\"},\"query-input\":\"required name=search_term_string\"}],\"inLanguage\":\"pt-BR\"}]}<\/script>\n<!-- \/ Yoast SEO plugin. -->","yoast_head_json":{"title":"M\u00e9todo McKenzie (MDT) em Goi\u00e2nia","description":"Tratamento para a coluna vertebral e extremidades articulares (ombro, joelho, quadril, etc.) com o M\u00e9todo Mckenzie. Fisioterapia Ortop\u00e9dica.","robots":{"index":"index","follow":"follow","max-snippet":"max-snippet:-1","max-image-preview":"max-image-preview:large","max-video-preview":"max-video-preview:-1"},"canonical":"https:\/\/www.clinicadacolunago.com.br\/site\/metodo-mckenzie-tratamento-goiania\/","og_locale":"pt_BR","og_type":"article","og_title":"M\u00e9todo McKenzie (MDT) em Goi\u00e2nia","og_description":"Tratamento para a coluna vertebral e extremidades articulares (ombro, joelho, quadril, etc.) com o M\u00e9todo Mckenzie. Fisioterapia Ortop\u00e9dica.","og_url":"https:\/\/www.clinicadacolunago.com.br\/site\/metodo-mckenzie-tratamento-goiania\/","og_site_name":"Cl\u00ednica da Coluna de Goi\u00e2nia","article_modified_time":"2026-01-08T15:39:40+00:00","og_image":[{"url":"http:\/\/www.clinicadacolunago.com.br\/site\/wp-content\/uploads\/2017\/06\/metodo-mckenzie-goiania.png"}],"twitter_card":"summary_large_image","twitter_misc":{"Est. tempo de leitura":"4 minutos"},"schema":{"@context":"https:\/\/schema.org","@graph":[{"@type":"WebPage","@id":"https:\/\/www.clinicadacolunago.com.br\/site\/metodo-mckenzie-tratamento-goiania\/","url":"https:\/\/www.clinicadacolunago.com.br\/site\/metodo-mckenzie-tratamento-goiania\/","name":"M\u00e9todo McKenzie (MDT) em Goi\u00e2nia","isPartOf":{"@id":"https:\/\/www.clinicadacolunago.com.br\/site\/#website"},"primaryImageOfPage":{"@id":"https:\/\/www.clinicadacolunago.com.br\/site\/metodo-mckenzie-tratamento-goiania\/#primaryimage"},"image":{"@id":"https:\/\/www.clinicadacolunago.com.br\/site\/metodo-mckenzie-tratamento-goiania\/#primaryimage"},"thumbnailUrl":"http:\/\/www.clinicadacolunago.com.br\/site\/wp-content\/uploads\/2017\/06\/metodo-mckenzie-goiania.png","datePublished":"2017-06-30T12:02:19+00:00","dateModified":"2026-01-08T15:39:40+00:00","description":"Tratamento para a coluna vertebral e extremidades articulares (ombro, joelho, quadril, etc.) com o M\u00e9todo Mckenzie. Fisioterapia Ortop\u00e9dica.","breadcrumb":{"@id":"https:\/\/www.clinicadacolunago.com.br\/site\/metodo-mckenzie-tratamento-goiania\/#breadcrumb"},"inLanguage":"pt-BR","potentialAction":[{"@type":"ReadAction","target":["https:\/\/www.clinicadacolunago.com.br\/site\/metodo-mckenzie-tratamento-goiania\/"]}]},{"@type":"ImageObject","inLanguage":"pt-BR","@id":"https:\/\/www.clinicadacolunago.com.br\/site\/metodo-mckenzie-tratamento-goiania\/#primaryimage","url":"http:\/\/www.clinicadacolunago.com.br\/site\/wp-content\/uploads\/2017\/06\/metodo-mckenzie-goiania.png","contentUrl":"http:\/\/www.clinicadacolunago.com.br\/site\/wp-content\/uploads\/2017\/06\/metodo-mckenzie-goiania.png"},{"@type":"BreadcrumbList","@id":"https:\/\/www.clinicadacolunago.com.br\/site\/metodo-mckenzie-tratamento-goiania\/#breadcrumb","itemListElement":[{"@type":"ListItem","position":1,"name":"In\u00edcio","item":"https:\/\/www.clinicadacolunago.com.br\/site\/"},{"@type":"ListItem","position":2,"name":"M\u00e9todo McKenzie (MDT)"}]},{"@type":"WebSite","@id":"https:\/\/www.clinicadacolunago.com.br\/site\/#website","url":"https:\/\/www.clinicadacolunago.com.br\/site\/","name":"Cl\u00ednica da Coluna de Goi\u00e2nia","description":"Tratamento para coluna e h\u00e9rnia de disco em Goi\u00e2nia","potentialAction":[{"@type":"SearchAction","target":{"@type":"EntryPoint","urlTemplate":"https:\/\/www.clinicadacolunago.com.br\/site\/?s={search_term_string}"},"query-input":"required name=search_term_string"}],"inLanguage":"pt-BR"}]}},"_links":{"self":[{"href":"https:\/\/www.clinicadacolunago.com.br\/site\/wp-json\/wp\/v2\/pages\/533","targetHints":{"allow":["GET"]}}],"collection":[{"href":"https:\/\/www.clinicadacolunago.com.br\/site\/wp-json\/wp\/v2\/pages"}],"about":[{"href":"https:\/\/www.clinicadacolunago.com.br\/site\/wp-json\/wp\/v2\/types\/page"}],"author":[{"embeddable":true,"href":"https:\/\/www.clinicadacolunago.com.br\/site\/wp-json\/wp\/v2\/users\/1"}],"replies":[{"embeddable":true,"href":"https:\/\/www.clinicadacolunago.com.br\/site\/wp-json\/wp\/v2\/comments?post=533"}],"version-history":[{"count":38,"href":"https:\/\/www.clinicadacolunago.com.br\/site\/wp-json\/wp\/v2\/pages\/533\/revisions"}],"predecessor-version":[{"id":1353,"href":"https:\/\/www.clinicadacolunago.com.br\/site\/wp-json\/wp\/v2\/pages\/533\/revisions\/1353"}],"wp:attachment":[{"href":"https:\/\/www.clinicadacolunago.com.br\/site\/wp-json\/wp\/v2\/media?parent=533"}],"curies":[{"name":"wp","href":"https:\/\/api.w.org\/{rel}","templated":true}]}}